, 13
List the prime factors of 13032/40 + 1/5.
2, 163
What are the prime factors of 3/4*-186*528/(-72)?
3, 11, 31
Suppose 4*k - 5*q - 1744 = -9*q, 0 = 2*k + 5*q - 881. What are the prime factors of k?
433
Suppose 4*u = 3*p - 241, -4*p - 2*u - 383 = -9*p. Let n be 624/10 + (-30)/p. Suppose 5*v - 13 = n. List the prime factors of v.
3, 5
Suppose -4*r = -3*z - 5*r + 16, z - 10 = -5*r. Let u be ((-6)/(-21))/((-2)/(-7)). What are the prime factors of u + z - 4/2?
2
Suppose -330 = -4*u - 5*z + 224, -z + 546 = 4*u. List the prime factors of u.
2, 17
Let o(g) = 7*g**3 - 4*g**2 + 2*g - 7. List the prime factors of o(4).
5, 7, 11
What are the prime factors of ((-240)/(-140))/(1/770)?
2, 3, 5, 11
Suppose -5*u - 2 = -3*g, -g + 2*u + 1 = 2. Suppose 0 = g*q - 5*q - 28. What are the prime factors of (-52)/(-4 + q + -4)?
2, 13
Suppose 597*g - 612*g = -47025. What are the prime factors of g?
3, 5, 11, 19
Let t(f) = f**3 - 7*f**2 + 21*f - 1. Let b be 7/(-1 - -4*(-2)/(-4)). What are the prime factors of t(b)?
2, 73
Suppose -274*i + 278*i - 15944 = 0. List the prime factors of i.
2, 1993
Let r be (-6)/(-3) - 3/3. Suppose -5*o + 59 = -n + r, 3*o + 77 = -2*n. What are the prime factors of -3 + (-3 - n - 1)?
2, 3
Let r = 4 - 2. Suppose 0 = r*a + a - 12. Suppose 0 = 7*l - a*l - 54. What are the prime factors of l?
2, 3
Suppose -168 + 27 = -r. Let m = -94 + r. List the prime factors of m.
47
Let i(z) = -z - 13. Let u(r) = 12. Let n(q) = 5*i(q) + 6*u(q). Suppose -4*c = 10 + 10. What are the prime factors of n(c)?
2
Let g(l) = -2*l**3 + l**2 - 5*l - 9. Suppose 12*f + 4 = 11*f. List the prime factors of g(f).
5, 31
Let l(v) = -4*v - 9. Suppose 3*c = -3*h + 7*h + 34, -5*c + 2*h + 38 = 0. Suppose -3*o + 21 = -c*o. What are the prime factors of l(o)?
19
Suppose -14136 = -34*d - 28*d. List the prime factors of d.
2, 3, 19
Let s be (190/(-10))/(-2*(-1)/(-40)). Suppose -16*d - s = -20*d. What are the prime factors of d?
5, 19
Let i(n) = n**2 + 9*n + 443. List the prime factors of i(0).
443
Suppose -5*y + 2281 + 4 = 0. Suppose 0 = -5*s + 3 + y. List the prime factors of s.
2, 23
Let z(i) = -i**2 + 22*i - 7. List the prime factors of z(21).
2, 7
What are the prime factors of ((-470)/15)/(2/(-21))?
7, 47
Suppose -3*l - 2*l = -30. Let j be 68/7 - l/(-21). Suppose 20*w - 15*w = j. What are the prime factors of w?
2
Let v = 9421 + -6632. List the prime factors of v.
2789
Suppose -105631 = -20*c - 22231. List the prime factors of c.
2, 3, 5, 139
Let z = -86 + 79. Let w(o) = 3*o**2 - 3*o - 10. Let k(v) = 2*v**2 - 3*v - 9. Let m(b) = -4*k(b) + 3*w(b). List the prime factors of m(z).
2, 17
Let g(o) = -o**3 + 5*o**2 + 3*o + 4. Let i = -5 + 9. What are the prime factors of g(i)?
2
Suppose -529 = -y + 3*m, -20*m + 23*m = -6. List the prime factors of y.
523
Suppose z - 9*g + 10*g - 309 = 0, 3*g + 618 = 2*z. List the prime factors of z.
3, 103
Let y(v) = 5*v**2 - 11*v - 6. Let g = 36 - 40. What are the prime factors of y(g)?
2, 59
Suppose 6*q = 4*q + 318. Suppose 102 + q = c. List the prime factors of c.
3, 29
Suppose -4*a - 2*t + 1978 = 0, 7*a - 11*a + 1983 = 3*t. What are the prime factors of a?
2, 3, 41
Let z be (1/(-2))/(13/(-78)). Suppose -z*l + 185 = 17. List the prime factors of l.
2, 7
Suppose 2*s - 5020 = n, -2*s - 201*n + 5016 = -203*n. List the prime factors of s.
2, 157
Let k be -1 - -6 - ((-2)/(-2) - -8). Suppose 0 = 2*d + 2 + 6. List the prime factors of (-78)/d + k/(-8).
2, 5
Suppose -3*a - 4*c = -6*c - 26, 2*a - 11 = -5*c. Suppose a*t = 11*t - 27. Suppose t*h - 4*h - 250 = 0. What are the prime factors of h?
2, 5
Let r(t) be the third derivative of 57*t**4/8 + 2*t**3/3 - 22*t**2. What are the prime factors of r(1)?
5, 7
Suppose -5*u - 2186 = -5561. Suppose -l - u = -4*l. Suppose 3*v + 2*v - l = 0. What are the prime factors of v?
3, 5
Let s = -1432 - -2350. List the prime factors of s.
2, 3, 17
Suppose -9*b - 1 = -46. Suppose 5*k - 196 + 640 = 4*w, 0 = -4*w - b*k + 404. What are the prime factors of w?
2, 53
Let x(c) = -3*c + 3. Let o be x(-4). Suppose 5*p = -o, -4*m + m = -5*p - 21. Suppose -m*b + 0*b - 5*g = -36, -2*b + 34 = 4*g. What are the prime factors of b?
13
Suppose 3*t - 1601 - 1622 = 2*w, 12 = 3*w. List the prime factors of t.
3, 359
Suppose -8*w + 256 = -0*w. Let m(f) = -3*f + 3. Let h be m(-3). Let j = w - h. What are the prime factors of j?
2, 5
Let u(n) = 82*n**2 - 2*n + 1. Suppose 28*a = 31*a - 3. List the prime factors of u(a).
3
Let j = 50 - -784. List the prime factors of j.
2, 3, 139
Suppose 0 = -x - 5*g + 43, x - 4*g - 18 = 7. Let h be ((-86)/8)/((-2)/16). Let a = h - x. List the prime factors of a.
53
Let l(j) = -2*j + 13. Let u be l(4). Suppose u*o + 4*p = 9*o - 340, 5*o + 5*p = 465. What are the prime factors of o?
89
Let g(z) = 638*z**3 + z**2 - z + 1. List the prime factors of g(1).
3, 71
Let p = 66 + -151. Let d = 2 - p. List the prime factors of d.
3, 29
Let n be ((-6)/(-9))/((-2)/(-15)). Suppose 16 = 4*m, -36 = s - 5*s - n*m. Suppose s*j + 66 = x + 10, -216 = -3*x - 4*j. What are the prime factors of x?
2, 17
Suppose 4*k = 5*k + 1. Let z(o) = -104 + 104 - 4*o. What are the prime factors of z(k)?
2
Let i(p) = 16*p - 7*p - 8*p. Let w be i(3). Suppose -f - 54 = -w*a, -3*a + 49 - 7 = 3*f. List the prime factors of a.
17
Suppose 3*m = 2*y - 8, 13 - 5 = 4*y - 4*m. Let t(d) = d**2 + d + 1. Let r be t(y). Suppose 0 = 2*u - r*u + 31. List the prime factors of u.
31
Let g = 2 - 17. Let r = g - -34. List the prime factors of r.
19
Let x be -35*-2*3 - 1. Let r = x - 83. Suppose r = 7*g - 4*g. What are the prime factors of g?
2, 3, 7
Let g = 22 - 16. Suppose g*l + 90 = 7*l. Suppose 0 = 7*o - 2*o - l. What are the prime factors of o?
2, 3
Let h = -39 + 21. Let d be (-4)/(12/3) - h. Suppose -d = -3*n + 49. List the prime factors of n.
2, 11
What are the prime factors of ((-50784)/(-336))/(2/14)?
2, 23
Suppose -2*y - 2*u + 56 = -156, 4*u + 332 = 3*y. List the prime factors of y.
2, 3
Let x(c) be the third derivative of c**5/30 - c**4/6 + 13*c**3/6 - 38*c**2. List the prime factors of x(10).
173
Let k = 19 - 17. Suppose 5*r - k*r - 102 = 0. Suppose r = 5*s - 126. What are the prime factors of s?
2
Suppose -3*i + 200 + 145 = 0. List the prime factors of i.
5, 23
Suppose 0 = -3*z - 4*s - 107 - 390, -3*s = 4*z + 672. Let q = z - -339. What are the prime factors of q?
2, 3, 7
Suppose 3*y - 24 = 2*y. Suppose -5*g + 2*g = -y. Let l = g - 1. What are the prime factors of l?
7
Let n(o) = -o**2 - 18*o - 12. Let i be n(-9). Suppose -r + 2*v = -v - i, -4*r + 3*v + 267 = 0. List the prime factors of r.
2, 3, 11
Let z be 8 - 3 - (0 - -2). Suppose 2*p = -z*p + 20. Suppose s - p = 6. List the prime factors of s.
2, 5
Let p(m) = -26 + 3*m + 6*m**2 - 22 + 47. Let n be p(-3). What are the prime factors of n + 1 + -3 + 3?
3, 5
Let r(u) = -u - 27. Suppose s + 24 = 3*i, 5*i - 2 = -4*s - 13. Let g be r(s). What are the prime factors of (-896)/g - (-2)/9?
2, 5
Let t(o) = -2*o**2 - 8*o - 4. Let q be t(-5). Let h = q - -8. List the prime factors of 3/h*-2 + 14.
3, 5
Suppose -5720 = -14*q + 4*q. List the prime factors of q.
2, 11, 13
Let f(a) = -a**2 + 8*a + 13. Let k be f(6). List the prime factors of 4 + -1 + 4 + k.
2
Let y be (1 + -2)*((-4)/(-4) + -4). Suppose -y*r - 4*a + 478 = 0, -5*r + 766 = -5*a + 4*a. What are the prime factors of r?
2, 7, 11
Let v(g) = 3*g**2 - 10*g - 23. Let j be v(6). Let y = 172 + j. List the prime factors of y.
197
Suppose 4*v = o - 970, v + 222 = -2*o - 25. List the prime factors of (v/18)/((-2)/12).
3
Let q(c) be the second derivative of 5*c**3/3 + 7*c**2/2 - 4*c. What are the prime factors of q(6)?
67
Let b(w) = -w - 9. Let n be b(-5). List the prime factors of (-2 - n)/(3/102).
2, 17
Let a = 51 + 122. What are the prime factors of a?
173
Suppose u - 1 - 10 = 0. Let i(r) be the first derivative of r**3/3 - 7*r**2/2 + 10*r - 56. What are the prime factors of i(u)?
2, 3
Suppose -j = 4*z - 464, 5*z - 4*j - 286 - 273 = 0. Let t = z - 65. What are the prime factors of t?
2, 5
Let t(c) = 15*c + 22. Let l be t(5). Let q = l + -21. List the prime factors of q.
2, 19
Let o = 58 + -59. Let s(a) = -21*a - 6. List the prime factors of s(o).
3, 5
Let z = -14 - -16. Let o(g) = -3*g**z + 6 + 11*g**2 - 8*g + 0 - g**3. List the prime factors of o(6).
2, 3, 5
Let y = -